 = w. What is the tens digit of p?
5
Let u(j) = j**3 - 15*j**2 + 14*j - 3. Let a be u(11). What is the units digit of ((-2)/4)/(27/18)*a?
1
Let a(r) = 36*r. Let l be a(-1). Let h = 39 + l. Suppose -17 = -h*u + 37. What is the tens digit of u?
1
Let h = -131 - -58. Let d = h - -119. What is the tens digit of d?
4
Let d(j) = 15*j**3 - 6*j**2 - 9*j + 3. What is the tens digit of d(6)?
7
Suppose 2*a + 5 = 1, -k - 4*a = -816. What is the units digit of k?
4
Suppose 4*s = 299 + 469. What is the tens digit of (s/15)/((-3)/(-15))?
6
Let v be (2/(-8))/((-10)/200). Suppose 5*x + 25 - 305 = -v*j, 4*x = -2*j + 234. What is the tens digit of x?
6
Suppose -753 = -2*i + n, 833 = -5*i - 5*n + 2708. What is the units digit of i?
6
Let b(r) be the third derivative of r**4/4 - 5*r**3/6 + 2*r**2. Let q(a) = a**3 - 3*a**2 + 2*a - 3. Let t be q(3). What is the units digit of b(t)?
3
Let i(v) be the third derivative of -v**5/60 + 5*v**4/8 - 5*v**3/2 + 10*v**2. What is the units digit of i(10)?
5
Suppose 2*q + 209 = 47. Let p = q - -116. Let r = -21 + p. What is the units digit of r?
4
Let i(w) = 6*w**2 + 6*w + 14. What is the units digit of i(7)?
0
Let t(v) = v**3 + 6*v**2 + v - 1. Let i be -1*0/(-3 + 0). Suppose 15 = -3*a - i*a. What is the units digit of t(a)?
9
Suppose -1567 + 4555 = 3*u. What is the tens digit of u?
9
Let j(t) be the first derivative of 13*t**6/360 - t**5/120 - t**4/24 - 5*t**3/3 - 4. Let c(a) be the third derivative of j(a). What is the tens digit of c(-1)?
1
What is the thousands digit of (-5)/5*4 + 2152?
2
Let n(m) = m**3 + 4*m**2 + 4*m + 2. Let a be n(-2). Suppose -d - 2*k = -163, 4*k - 301 = -a*d + 5*k. What is the tens digit of d?
5
Let a = -2424 - -3462. Suppose -6*x - a = -12*x. What is the tens digit of x?
7
What is the thousands digit of (-40)/32 - 226*(-121)/8?
3
Let i(c) = -40*c + 28. What is the tens digit of i(-32)?
0
Let c = -35 - -41. Let p(i) = 8*i + 21. What is the units digit of p(c)?
9
Let b(h) = 54*h**2 - 2*h + 2. Let y be b(-2). What is the units digit of (-2 + 3)*y + (-24)/(-12)?
4
Let h(v) = 28*v**2 + 22*v - 22. What is the tens digit of h(-8)?
9
Suppose 3*z - 18 = 4*f, -f + 2*f + 7 = 2*z. Let x(t) = t**3 + t**2 + t - 1. What is the tens digit of x(z)?
1
Let k = 3260 + -2325. What is the units digit of k?
5
Let v be (73/(-2))/((-10)/20). Suppose -83 - v = -3*b. What is the tens digit of b?
5
Suppose -4*p + 40 = -2*p. Suppose 19*n - 15*n - p = 0. Suppose -167 - 138 = -n*r. What is the units digit of r?
1
Let q(u) = 10*u**3 - 2*u**2 + 2*u + 2. Let v be q(2). Let g = v - 29. What is the units digit of g?
9
Let c be ((-6)/4)/((-27)/396). Let l = c + -17. Let r(w) = -w**3 + 8*w**2 - 3*w - 2. What is the tens digit of r(l)?
5
Let c(t) = 2*t**2 - 11*t - 41. What is the units digit of c(28)?
9
Let i(q) = -q**3 + 4*q**2 + 2*q - 3. Let y be i(4). Suppose 5*x - 56 = -4*g + 90, y*x = -3*g + 147. What is the tens digit of x?
3
Let u(t) = 5*t + 3. Let k = 23 - 12. What is the tens digit of u(k)?
5
Let c(z) be the third derivative of z**4/4 - 31*z**3/6 - 13*z**2. What is the units digit of c(20)?
9
Let n(x) be the second derivative of 2*x**3/3 - 4*x**2 + x. Suppose 28 = 9*g - 62. What is the tens digit of n(g)?
3
Let p(d) = 51*d + 12. Let x(i) = -17*i - 4. Let k(o) = 4*p(o) + 11*x(o). What is the units digit of k(3)?
5
Let r = 44 - 23. Suppose -r = -b + 6. What is the tens digit of b?
2
Suppose -6*i - 2100 = -10*i. Suppose 31*m = 28*m + i. What is the tens digit of m?
7
Let j = -199 - -201. Let h be (-2)/4 - 27/(-6). Suppose 0 = 5*a - 3 - 12, j*a - 74 = -h*w. What is the tens digit of w?
1
Let u = 8 - 4. Suppose 5*a = -v - 40, u*a - 57 - 23 = 2*v. Let l = 68 + v. What is the tens digit of l?
2
Let d(r) = 2 - 20*r**3 - 14*r**2 - 4*r + 21*r**3 - 9*r. What is the tens digit of d(15)?
3
Let p = -2118 + 6438. What is the units digit of p?
0
Let g(h) = -4*h**3 - 10*h**2 + 6*h + 7. Let t = -96 - -91. What is the hundreds digit of g(t)?
2
Let i(u) = 289*u**3 - 8*u + 9. What is the tens digit of i(2)?
0
Suppose 0*u = -4*u - v + 211, 2*u + v = 107. What is the tens digit of u?
5
Suppose 0*m + m + 9 = 0. Let z(f) = f**3 - 6*f**2 + 14*f. Let i be z(5). Let t = m + i. What is the tens digit of t?
3
Let s be ((-20)/(-6))/((-2)/726). What is the tens digit of (s/4)/5*(-4 + 2)?
2
Suppose 5*m = u + 36, -2*m - 2*u + 32 = 2*u. Let y = -3 + m. Let k = y + 24. What is the tens digit of k?
2
Let u = 36 + -31. Suppose f + 89 = z, f + 436 = u*z - f. Let y = z + -10. What is the tens digit of y?
7
Suppose 0 = x - 0 - 2. Let p(o) = 44*o - 2 - 18*o + x. What is the units digit of p(1)?
6
Suppose -r = -3*c - 412, 3*c - 1970 = 4*r - 9*r. What is the hundreds digit of r?
3
Suppose 23 = -3*n + 230. Suppose 0 = -f + 3*f + 4*y + 32, -5*f + y = n. Let s = -12 - f. What is the units digit of s?
2
Let s = 1833 - 1160. What is the units digit of s?
3
Let v(x) = x**3 + 15*x**2 - x - 12. Let h be v(-15). Suppose -h*f = 4*k - 577, 2*k - 4*f - 129 - 143 = 0. What is the units digit of k?
2
Suppose r = -a + 6, -6*r = -r - 5. Let y(s) = -s**3 + 11*s**2 - 11. What is the units digit of y(a)?
9
Let v = 1617 - 826. What is the hundreds digit of v?
7
Let f = -212 - -317. What is the units digit of f?
5
Suppose -4*k = 0, 4*r - 7*r + 5970 = -k. What is the hundreds digit of r?
9
Let w = 109 - -139. What is the tens digit of w?
4
Suppose 135 = -5*t + 4*i, -2*t - 4*i - 72 = -2*i. Let b = t - -16. What is the units digit of (2 - 3)*(b - -2)?
3
Suppose 52*m = 61*m - 20205. What is the hundreds digit of m?
2
Let a = 239 + -82. What is the hundreds digit of a?
1
Let v(b) = -11*b - 8. Let o be v(-4). Let x(y) = -26*y**3 + 2*y**2 - y. Let w be x(1). Let n = w + o. What is the tens digit of n?
1
Suppose -2*y + 26 = 5*i, 5*y + 11 = 5*i + 2*y. Suppose -2*x - 22 = i*j, -9 = x - 0*x + j. Let h(c) = c**3 + 7*c**2 + 1. What is the units digit of h(x)?
1
Let b be ((18/4)/3)/((-23)/(-46)). Suppose b*y + 2*k = 98, -5*y - 2*k + 80 = -90. What is the tens digit of y?
3
Let y(a) = -4*a + 12 - 2*a - 9*a**2 - 2*a - 2*a + a**3. Let q(o) = 9*o**3 + 2*o - 1. Let h be q(1). What is the tens digit of y(h)?
1
Suppose -3*v - 14 - 16 = 3*u, 2*v = 2. Let s(q) = -q**2 - 16*q - 6. What is the units digit of s(u)?
9
Let n(z) be the first derivative of -3*z**2 - 5/3*z**3 - 9*z - 8 + 1/4*z**4. What is the units digit of n(7)?
7
Suppose -69 = -5*f + 6*f. Let v be (f/15 + 4)*-15. Suppose -5*m + 107 = -4*u + v, -5*m - 4*u = -122. What is the units digit of m?
2
Let s be (24/7)/((-54)/(-252)). Suppose -14 - s = -5*p. What is the units digit of p?
6
Let o(i) = 437*i - 54. What is the hundreds digit of o(1)?
3
Let b = -866 + 1656. What is the tens digit of b?
9
Let g be ((-9)/6)/((-3)/(-20)). Let y be (-108)/90*g/4. Suppose 0 = q - 3*q + y*h + 73, -186 = -4*q - 2*h. What is the tens digit of q?
4
Suppose -3*w = 4*i + 42, 5*w + 46 = -4*i - 0*w. Let q(o) = o**3 + 11*o**2 + 16*o. What is the units digit of q(i)?
8
Suppose -6 + 14 = x - 4*i, 4*x = 5*i + 65. Let a be (1 - 0)/(1/3). Let v = x - a. What is the units digit of v?
7
Suppose -3*w - 4*r = 2*w + 2, -3*r - 13 = -2*w. Suppose 6 = -w*n, 0*n = f + n. What is the units digit of f?
3
Suppose -17*d + 345728 = 47*d. What is the hundreds digit of d?
4
Let c(l) = l**3 - 2*l - 335. Let b be c(0). Let w = -113 - b. Let a = w - 143. What is the units digit of a?
9
Suppose -2*a + 0*a = u - 12, -5*a = -2*u - 21. Suppose -a*d + 20 - 5 = 0. What is the units digit of 14/d*30/7?
0
Let i(p) = 2*p**2 + 2*p - 1. Let l be i(-2). Suppose 4 = 4*m, -l*b = 2*m + 2*m - 247. What is the units digit of b?
1
Suppose -2*r + 172 = -h - h, r = -h + 84. Suppose 4*p - s - 105 = -2*s, 3*s + r = 4*p. What is the tens digit of p?
2
Let w(g) = g**2 - 3*g + 4. Let z be w(7). Let a = -75 + z. Let s = -31 - a. What is the units digit of s?
2
Let b = -96 + 212. Suppose -3*k + 80 = 5*f, 6*k - k - b = -4*f. Let g = k + 2. What is the tens digit of g?
2
Suppose -14*a + 1701 = -5*a. What is the tens digit of a?
8
Suppose 0 = -62*g + 54*g + 1928. What is the units digit of g?
1
Suppose -10*k + 772 = -6*k. Suppose -10 = 2*d - 0*d, 4*m - 36 = 4*d. Suppose 0 = -4*b + 7 + 13, -k = -m*i + 3*b. What is the tens digit of i?
5
Let t(w) = 3 - 14 + 2*w - 1. Let p be t(12). What is the units digit of p/3*3/6?
2
Suppose 3*o = 